v) be the first derivative of -3*v**4 + v**3/3 - v**2/2 - v - 1. Let b(h) = 1230*h + 3689. Let n be b(-3). What is z(n)?
13
Let d be (-1)/18*-4 - (-20)/1440*-16. Let l(x) be the third derivative of -1/4*x**4 + 1/6*x**3 + 0 + d*x - 32*x**2. What is l(2)?
-11
Let j = -86 - -88. Let z(r) = 2 + r - 5*r - 23*r**3 - 3*r**j + 24*r**3. Suppose 2*i = -i + 12. What is z(i)?
2
Suppose -2*w = -6*p + 4*p - 12, -5*p - 12 = w. Let j be p/(-3) - (1 + -2 - 4). Suppose -j = -2*g - 8. Let m(f) = 4*f**2 + f. Calculate m(g).
3
Let b(i) = -2*i - 26. Let p(n) = -2*n + 3*n**2 - 18 - 14*n + 26 - 8*n. Let d be p(7). What is b(d)?
0
Let v(y) = 39*y + 1009. Let o(r) = 19*r + 466. Let m(h) = 13*o(h) - 6*v(h). Calculate m(-1).
-9
Let g(x) be the third derivative of x**7/2520 - x**6/144 - 3*x**5/40 + 55*x**4/12 + 18*x**2 - 1. Let n(w) be the second derivative of g(w). What is n(7)?
5
Let w(z) = -2*z + 3. Let y = -207 - -212. Suppose -y*g + 2*h - 5*h = -24, -5*h = 10. Give w(g).
-9
Let o(v) = 10*v - 1. Let r(w) = w**3 - 21*w**2 + 23*w - 44. Let t be r(20). Suppose 9 = -3*f - 4*b, -2*f + 2*b - 8 = -t. What is o(f)?
9
Let v(a) be the first derivative of 3*a**2/2 - 5*a + 506. Give v(2).
1
Let g(t) be the first derivative of -2*t**3/3 - 13*t**2/2 + 18*t + 33. Let f(m) = m**3 - 2*m**2 + m - 10. Let x be f(2). Give g(x).
-6
Suppose -19*u + 15*u - 406 = -5*q, -u = -2*q + 163. Let k(j) = 1 + 4*j + 23*j**2 + 30*j**2 + 30*j**2 - 8 - q*j**2. Calculate k(-4).
-7
Suppose 0 = -6*j - 65 + 119. Suppose 0 = 3*a + 2*m - 2, 2*a + j*m - 3 = 8*m. Let s(z) = 2*z + 1. Determine s(a).
9
Let j(h) = -h**3 - 6*h**2 - 2*h + 7. Let q(w) = -w**2 + 351*w - 3745. Let o be q(11). Give j(o).
-8
Suppose -42*r = -81 - 45. Let j be -2 - (1 + 8)/(-3). Let n(z) = z**2 + 1. Let h(t) = -5*t**2 + 3*t - 8. Let p(s) = j*h(s) + 4*n(s). Give p(r).
-4
Let i(u) be the first derivative of -u**4/4 + 4*u**3 + 11*u**2 - 127*u + 8400. Determine i(13).
-10
Let p(s) = 3*s**2 - 22*s - 7. Let q(b) = -2*b**2 + 20*b + 9. Let i(r) = -3*p(r) - 4*q(r). Determine i(-9).
30
Let a(c) = -c**2 + 3*c + 7. Let m(h) = h**2 - 9*h - 14. Let t be m(10). Let k be (t + 5)/(2/6). Suppose 0 = -0*z + k*z - 15. Calculate a(z).
-3
Let j(g) = -12*g - 4. Let m(p) = -p**2 - 4*p. Let k(o) = -j(o) + 3*m(o). Give k(-2).
-8
Let o(y) be the second derivative of y**4/12 - 23*y**3/6 - 21*y**2/2 - 23*y. Calculate o(24).
3
Let b(z) = -6*z**2 + 27*z - 70. Let i(p) = p**2 - 5*p + 14. Let l(k) = -3*b(k) - 14*i(k). Calculate l(7).
133
Let q(t) = -4 + 4*t - 3*t**2 - 1 - t**3 + 8*t**2. Let d be (-8 + 3)*(23 + (-12 - 12)). Give q(d).
15
Let v = 6668 - 6678. Let w(q) = -q**3 - 9*q**2 + 7*q - 24. Determine w(v).
6
Let r = 60 - 58. Suppose x = r*k - 44, 3*k + 4*x - 80 = 2*x. Suppose -16*v - k = -10*v. Let s(m) = -m - 2. Calculate s(v).
2
Let p(u) = u + 50. Let d be -60*(-22)/1056*12. Determine p(d).
65
Let z(u) = 19*u**2 - 6*u - 9. Let v(l) = 44*l**2 - 11*l - 18. Let p(c) = 3*v(c) - 7*z(c). Determine p(11).
-13
Let s(x) be the first derivative of -x**6/30 - x**4/24 + 2*x**3 - 19. Let p(h) be the third derivative of s(h). Suppose 6*w + 5 = w. What is p(w)?
-13
Let d(h) = -9*h - 175. Suppose 0 = 2*n + w + 34, -8*w + 3*w - 56 = 4*n. What is d(n)?
-4
Suppose -u + 12 - 1 = 0. Suppose -4*o - j = 13, 4*o + u = o - j. Let x be (-88)/(-44) + (0 - -1)*o. Let i(d) = d**3 + d**2 + d - 8. Give i(x).
-8
Let g(i) = 2*i + 8. Suppose 129 = 9*q + 66. Calculate g(q).
22
Let r(g) = -3317 - 2*g + 3314 + g**2 + 8*g. What is r(-6)?
-3
Let v(u) = -u**3 - 27*u**2 + 26*u - 49. Let p be v(-28). Let q(r) = 3*r + 3. Let x(j) = -10*j - 10. Let g(h) = p*q(h) + 2*x(h). Determine g(5).
6
Let w(t) be the first derivative of -2*t**3/3 + 5*t**2/2 + 10*t + 351. What is w(-4)?
-42
Let t(o) = -o**2 - 3*o + 6. Let q(r) = -r**2 + 8*r - 10. Let i be q(5). Suppose -j = -i*j + 20. Suppose 4*w + w - 2*v = -27, -j*v + 20 = -3*w. What is t(w)?
-4
Let k = 67466 - 67470. Let c(r) = 2 - 6 - 4 - 2*r + r. Determine c(k).
-4
Let x(s) be the second derivative of -2*s**3/3 + 15*s**2/2 + 51*s. Let a(c) = -2*c + 8. Let k(b) = 7*a(b) - 3*x(b). Let v be ((-16)/6)/((-1)/3). Determine k(v).
-5
Let d(c) = 2*c**3 + 158*c**2 - 246*c - 6888. Let n be d(-80). Let h be -1 + 2 + (-1 - -2). Let t(q) = 2 - q - 4*q + 0*q**2 - q**h. Determine t(n).
-22
Let d(g) be the first derivative of g**4/4 - 3*g**2/2 + 4*g - 5395. Give d(1).
2
Let a(y) be the third derivative of 0*y + 0 + 5/24*y**4 + 113*y**2 - 1/60*y**5 + 2/3*y**3. Determine a(7).
-10
Let o(g) = -g**2 + 2*g + 2. Let r be o(3). Let x(h) = -2*h. Let l(u) = -16 - 18 + 43 - u - 8. Let j(k) = -l(k) - 2*x(k). What is j(r)?
-6
Let u(k) = -2*k**2 + 41*k - 16. Suppose m = 3*z - 56, 114*m = z + 115*m - 24. What is u(z)?
4
Suppose 3*t - 25 = -2*t. Let i(u) = 14*u**2 - 22*u**2 + t*u**2 - 13*u**3 + 14*u**3 + 3*u. Determine i(2).
2
Suppose -28 = -3*o - 4*q, o - 23 + 3 = -4*q. Suppose -4 = 8*r + o. Let s(h) = h**2 - 74 + h**2 + 2*h + 75 + 30*h**3. Calculate s(r).
-29
Let w = 6 - 6. Suppose -4*u = -5*f + 7, 4*f = 5*u - w*f + 2. Let o(m) = 8*m + 2*m + 7*m - m**3 + 4*m**u + 2 - 18*m. Give o(4).
-2
Let r(a) be the third derivative of 0 - 1/720*a**6 + 0*a + 4*a**2 + 1/12*a**5 + 0*a**3 + 7/8*a**4. Let c(d) be the second derivative of r(d). What is c(0)?
10
Let z be 0 - (318/27 + -5) - 32/144. Let g(w) = -9*w - 56. Calculate g(z).
7
Let o(m) = -11 + 77*m - 312*m + 78*m + 79*m + 77*m. Calculate o(11).
-22
Let r = 14 + 146. Let v = r + -172. Let m(s) = s + 14. What is m(v)?
2
Suppose 0 = 2*j - 12 - 2. Let p(f) = 3*f**3 - 29*f**2 - 84*f - 57. Let q(t) = -t**3 + 10*t**2 + 30*t + 20. Let i(a) = -4*p(a) - 11*q(a). Calculate i(j).
1
Let y(n) be the first derivative of -7*n**4/4 + n**3/3 - 2*n**2 + n - 2912. Calculate y(2).
-59
Let u(x) = -x**2 + 8*x + 2. Suppose z + 5*k - 140 = -54, 3*z = 2*k + 258. Let g = z + -81. What is u(g)?
17
Let i be (5 + -1)*29/2. Let t = i - -14. Suppose u - t = -8*u. Let r(n) = n**2 - 7*n - 4. Give r(u).
4
Let z(k) = -k**2 - 7*k - 12. Let a = 61 - 59. Suppose -5*c - 21 = -0*g + a*g, 15 = -g - 4*c. Let w be z(g). Let d(j) = -j**2 - j - 4. Determine d(w).
-4
Let l(v) be the first derivative of v**3/3 - 19*v - 23. Let o be l(-5). Let z(k) = -k - 7. Determine z(o).
-13
Let r = 109 + -105. Suppose 2*n + 0*n + 4 = 0, -u + 27 = -r*n. Let x(g) = 5*g + 16*g - u*g. Calculate x(-1).
-2
Let d(t) be the first derivative of -t**3/3 - 5*t**2/2 + 7*t + 106. Give d(-3).
13
Let j(b) = 3800*b**3 + 5 - 3799*b**3 - 10*b**2 + 3*b + 6*b + 1. What is j(9)?
6
Let g(h) = -13*h**3 - 2*h**2 - 2*h - 1. Suppose -3*m + 2*m + 5 = 0. Suppose 2*r + m*d - 27 = 0, 3*d - 2*d - 1 = 0. Suppose 14*b + r = 3*b. Give g(b).
12
Let g(z) = z**2 - z + 2. Let l(f) = f**2 - 18*f - 109. Let q be l(22). Let o be 3*2*(-35)/(-10). Let w = q + o. Calculate g(w).
2
Let z(m) be the first derivative of -m**4/24 + m**3/3 - m**2/2 - 31*m - 33. Let n(b) be the second derivative of z(b). Determine n(-5).
7
Let p be (39/(-2))/(145/290). Let s(c) = -c**2 - 37*c + 87. Determine s(p).
9
Suppose 2*k + 4 = 2*s, 13*k - 6 = -3*s + 15*k. Let m(j) = -46 + 25 - 6*j + j**s + 23. What is m(6)?
2
Let q(a) = -6*a - 2734 + 13*a + 0*a + 2733 + 13*a. Calculate q(-2).
-41
Let g(z) = -z**3 + 7*z**2 - 5*z + 1. Let n = 11841 + -11839. Give g(n).
11
Let t(i) = 9*i**3 + 9*i**2 - 22*i - 137. Let n(u) = -4*u**3 - 4*u**2 + 11*u + 58. Let w(y) = 7*n(y) + 3*t(y). Calculate w(-4).
-1
Suppose -5*j - 334 - 221 = 0. Let s = j + 104. Let k(d) = -2*d - 8. Give k(s).
6
Let x(u) = 85*u**2 - 63*u - 247. Let l(a) = 31*a**2 - 21*a - 82. Let v(g) = -11*l(g) + 4*x(g). Determine v(-5).
-6
Let f(k) = 25*k**2 - 20*k - 18. Let p(s) = -29*s**2 + 20*s + 21. Let i(w) = -7*f(w) - 6*p(w). Determine i(20).
0
Suppose -2*b = -3*f + 26, -219*f - b = -223*f + 28. Let w(d) = -d**3 + 4*d**2 + 8*d - 1. Calculate w(f).
-25
Let z(g) = 7*g + 1. Let x(u) = -u - 3. Let s be x(-14). Suppose -2*t + s - 7 = 0. What is z(t)?
15
Let d be -28 - -32 - (1 - -15). Let v(c) = -c**2 - 8*c + 48. Give v(d).
0
Suppose 4*h + 14 = -2*c - 12, -2*c = 10. Let n(p) be the second derivative of p**5/20 + 5*p**4/12 + p**3/2 - 826*p. What is n(h)?
4
Let w(d) = 2*d**2 - 4*d + 3. Let f = -252 - -256. Suppose 0*n = -2*n + f*g + 20, 0 = 3*n + 3*g + 6. What is w(n)?
3
Let q(o) be the second derivative of -11*o**3/6 - o**2 - 2489*o. Det